{"id":1992,"date":"2023-06-15T15:21:17","date_gmt":"2023-06-15T13:21:17","guid":{"rendered":"https:\/\/camping-lapinede.net\/regenachtige-halve-dag\/"},"modified":"2023-06-15T15:21:17","modified_gmt":"2023-06-15T13:21:17","slug":"regenachtige-halve-dag","status":"publish","type":"page","link":"https:\/\/camping-lapinede.net\/nl\/onze-ervaring\/regenachtige-halve-dag\/","title":{"rendered":"Regenachtige halve dag"},"content":{"rendered":"\n<h1 class=\"wp-block-heading\">Regenachtige halve dag<\/h1>\n\n\n\n<h2 class=\"wp-block-heading\">Een unieke ervaring binnen de historische muren van de Haras de la Vend\u00e9e of het Historial de la Vend\u00e9e.<\/h2>\n\n\n\n<p class=\"has-text-align-center\">1\/2 dag<\/p>\n\n\n\n<div class=\"wp-block-group is-layout-constrained wp-block-group-is-layout-constrained\" style=\"margin-top:var(--wp--preset--spacing--60);margin-bottom:var(--wp--preset--spacing--60)\">\n<figure class=\"wp-block-image aligncenter size-full is-resized\"><img loading=\"lazy\" decoding=\"async\" src=\"https:\/\/camping-lapinede.net\/wp-content\/uploads\/2023\/06\/vague-1.png\" alt=\"camping aan de Pointe d'Ar\u00e7ay aan zee\" class=\"wp-image-173\" width=\"90\" height=\"17\" srcset=\"https:\/\/camping-lapinede.net\/wp-content\/uploads\/2023\/06\/vague-1.png 360w, https:\/\/camping-lapinede.net\/wp-content\/uploads\/2023\/06\/vague-1-300x57.png 300w\" sizes=\"auto, (max-width: 90px) 100vw, 90px\" \/><\/figure>\n<\/div>\n\n\n\n<p>Zelfs in de regen is de Vend\u00e9e vol schatten om te ontdekken. We hebben twee opties om je een ochtend of middag bezig te houden.<\/p>\n\n\n\n<p><strong>Ge\u00efnteresseerd in paarden en ruiterkunst in de Vend\u00e9e?<\/strong>  Bewonder de gratie van deze uitzonderlijke wezens in de Haras de la Vend\u00e9e.<\/p>\n\n\n\n<p><strong>Ben je een geschiedenisfanaat of gewoon nieuwsgierig naar het verleden?<\/strong>  Ga naar het Historial de la Vend\u00e9e voor een ontmoeting met de geschiedenis van de Vend\u00e9e. Beide plaatsen bieden een onderdompeling in de geschiedenis en cultuur van de regio, zodat je het beste uit je tijd kunt halen ondanks de grillen van de lucht.<\/p>\n\n\n\n<div class=\"wp-block-media-text alignwide is-stacked-on-mobile\"><figure class=\"wp-block-media-text__media\"><img loading=\"lazy\" decoding=\"async\" width=\"1024\" height=\"683\" src=\"https:\/\/camping-lapinede.net\/wp-content\/uploads\/2023\/06\/spectacles-equestres-haras-dela-vendee-IMG_1292-1024x683.jpg\" alt=\"VERKOOP\" class=\"wp-image-255 size-full\" srcset=\"https:\/\/camping-lapinede.net\/wp-content\/uploads\/2023\/06\/spectacles-equestres-haras-dela-vendee-IMG_1292-1024x683.jpg 1024w, https:\/\/camping-lapinede.net\/wp-content\/uploads\/2023\/06\/spectacles-equestres-haras-dela-vendee-IMG_1292-300x200.jpg 300w, https:\/\/camping-lapinede.net\/wp-content\/uploads\/2023\/06\/spectacles-equestres-haras-dela-vendee-IMG_1292-768x512.jpg 768w, https:\/\/camping-lapinede.net\/wp-content\/uploads\/2023\/06\/spectacles-equestres-haras-dela-vendee-IMG_1292.jpg 1200w\" sizes=\"auto, (max-width: 1024px) 100vw, 1024px\" \/><\/figure><div class=\"wp-block-media-text__content\">\n<h2 class=\"wp-block-heading\"><span style=\"font-size: 14.4px;\">De Haras de la Vend\u00e9e&#8230; een plek die je zal verbazen!  <\/span><\/h2>\n\n\n\n<p><span style=\"font-size: 14.4px;\">De Haras de la Vend\u00e9e biedt je de kans om je onder te dompelen in de wereld van <strong>de paardensport <\/strong>. Weer of geen weer, het is de ideale plek om een boeiend moment door te brengen. Dit historische landgoed in La Roche-sur-Yon is gewijd aan paarden en de paardensport. Profiteer van je bezoek om de stallen en tuinen te verkennen en de prachtige paarden uit de Vend\u00e9e te bewonderen. Je kunt ook kijken naar ruitershows en demonstraties die de talenten en gratie van deze majestueuze dieren laten zien. De Haras de la Vend\u00e9e biedt ook tijdelijke tentoonstellingen over de hippische geschiedenis en cultuur van de regio. Dompel jezelf onder in deze fascinerende en lonende wereld en ontdek de evolutie van het paardrijden en de lokale tradities die met paarden verbonden zijn.  <\/span><\/p>\n<\/div><\/div>\n\n\n\n<div class=\"wp-block-group is-layout-constrained wp-block-group-is-layout-constrained\" style=\"margin-top:var(--wp--preset--spacing--60);margin-bottom:var(--wp--preset--spacing--60)\">\n<figure class=\"wp-block-image aligncenter size-full is-resized\"><img loading=\"lazy\" decoding=\"async\" src=\"https:\/\/camping-lapinede.net\/wp-content\/uploads\/2023\/06\/vague-1.png\" alt=\"camping aan de Pointe d'Ar\u00e7ay aan zee\" class=\"wp-image-173\" width=\"90\" height=\"17\" srcset=\"https:\/\/camping-lapinede.net\/wp-content\/uploads\/2023\/06\/vague-1.png 360w, https:\/\/camping-lapinede.net\/wp-content\/uploads\/2023\/06\/vague-1-300x57.png 300w\" sizes=\"auto, (max-width: 90px) 100vw, 90px\" \/><\/figure>\n<\/div>\n\n\n\n<div class=\"wp-block-media-text alignwide has-media-on-the-right is-stacked-on-mobile\"><div class=\"wp-block-media-text__content\">\n<h2 class=\"wp-block-heading\">De Historial de la Vend\u00e9e&#8230; een herinnering aan het verleden<\/h2>\n\n\n\n<p>De Historial de la Vend\u00e9e neemt je mee op een reis door de geschiedenis van de regio. Dit ligt in Les Lucs-sur-Boulogne en is een must voor geschiedenisliefhebbers. Dit museum biedt een complete onderdompeling in de geschiedenis van de Vend\u00e9e, van de prehistorie tot nu.<br>Profiteer van een regenachtige halve dag om de verschillende tentoonstellingszalen te verkennen, die de belangrijkste gebeurtenissen in de regio weergeven. Ontdek artefacten, historische re-enactments en ooggetuigenverslagen die je onderdompelen in het hart van de geschiedenis van de Vend\u00e9e.<br>Het Historial de la Vend\u00e9e biedt ook interactieve activiteiten voor een nog intensere ervaring. Jong en oud kunnen belangrijke momenten in de geschiedenis van de regio herbeleven en de kwesties begrijpen die de ontwikkeling van de regio hebben bepaald.<\/p>\n<\/div><figure class=\"wp-block-media-text__media\"><img loading=\"lazy\" decoding=\"async\" width=\"1024\" height=\"683\" src=\"https:\/\/camping-lapinede.net\/wp-content\/uploads\/2023\/06\/Historial-de-la-vendee-aerienne.jpg\" alt=\"geschiedenis van de verkoop\" class=\"wp-image-256 size-full\" srcset=\"https:\/\/camping-lapinede.net\/wp-content\/uploads\/2023\/06\/Historial-de-la-vendee-aerienne.jpg 1024w, https:\/\/camping-lapinede.net\/wp-content\/uploads\/2023\/06\/Historial-de-la-vendee-aerienne-300x200.jpg 300w, https:\/\/camping-lapinede.net\/wp-content\/uploads\/2023\/06\/Historial-de-la-vendee-aerienne-768x512.jpg 768w\" sizes=\"auto, (max-width: 1024px) 100vw, 1024px\" \/><\/figure><\/div>\n\n\n\n<div class=\"wp-block-group is-layout-constrained wp-block-group-is-layout-constrained\" style=\"margin-top:var(--wp--preset--spacing--60);margin-bottom:var(--wp--preset--spacing--60)\">\n<figure class=\"wp-block-image aligncenter size-full is-resized\"><img loading=\"lazy\" decoding=\"async\" src=\"https:\/\/camping-lapinede.net\/wp-content\/uploads\/2023\/06\/vague-1.png\" alt=\"camping aan de Pointe d'Ar\u00e7ay aan zee\" class=\"wp-image-173\" width=\"90\" height=\"17\" srcset=\"https:\/\/camping-lapinede.net\/wp-content\/uploads\/2023\/06\/vague-1.png 360w, https:\/\/camping-lapinede.net\/wp-content\/uploads\/2023\/06\/vague-1-300x57.png 300w\" sizes=\"auto, (max-width: 90px) 100vw, 90px\" \/><\/figure>\n<\/div>\n\n\n\n<p>Beide sites bieden<strong> gereduceerde tarieven voor kinderen, studenten en senioren<\/strong>.<\/p>\n\n\n\n<p>Dus zelfs als het regent, biedt de Vend\u00e9e een aantal <strong>spannende alternatieven om<\/strong> je tijd mee door te brengen. Of je nu kiest voor de Haras de la Vend\u00e9e of de Historial de la Vend\u00e9e, je zult genieten van een rijke en onvergetelijke culturele ervaring.<\/p>\n","protected":false},"excerpt":{"rendered":"<p>Regenachtige halve dag Een unieke ervaring binnen de historische muren van de Haras de la Vend\u00e9e of het Historial de la Vend\u00e9e. 1\/2 dag Zelfs in de regen is de Vend\u00e9e vol schatten om te ontdekken. We hebben twee opties om je een ochtend of middag bezig te houden. Ge\u00efnteresseerd in paarden en ruiterkunst in [&hellip;]<\/p>\n","protected":false},"author":1,"featured_media":0,"parent":2027,"menu_order":0,"comment_status":"closed","ping_status":"closed","template":"","meta":{"_seopress_robots_primary_cat":"","_seopress_titles_title":"Een halve dag in de regen - Camping en Vend\u00e9e","_seopress_titles_desc":"De eigenaren van camping La Pin\u00e8de bieden je een regenachtige halve dag in het hart van de Haras de la Vend\u00e9e of de Historial de la Vend\u00e9e.","_seopress_robots_index":"","footnotes":""},"class_list":["post-1992","page","type-page","status-publish","hentry"],"_links":{"self":[{"href":"https:\/\/camping-lapinede.net\/nl\/wp-json\/wp\/v2\/pages\/1992","targetHints":{"allow":["GET"]}}],"collection":[{"href":"https:\/\/camping-lapinede.net\/nl\/wp-json\/wp\/v2\/pages"}],"about":[{"href":"https:\/\/camping-lapinede.net\/nl\/wp-json\/wp\/v2\/types\/page"}],"author":[{"embeddable":true,"href":"https:\/\/camping-lapinede.net\/nl\/wp-json\/wp\/v2\/users\/1"}],"replies":[{"embeddable":true,"href":"https:\/\/camping-lapinede.net\/nl\/wp-json\/wp\/v2\/comments?post=1992"}],"version-history":[{"count":0,"href":"https:\/\/camping-lapinede.net\/nl\/wp-json\/wp\/v2\/pages\/1992\/revisions"}],"up":[{"embeddable":true,"href":"https:\/\/camping-lapinede.net\/nl\/wp-json\/wp\/v2\/pages\/2027"}],"wp:attachment":[{"href":"https:\/\/camping-lapinede.net\/nl\/wp-json\/wp\/v2\/media?parent=1992"}],"curies":[{"name":"wp","href":"https:\/\/api.w.org\/{rel}","templated":true}]}}

<h1 class="wp-block-heading">Regenachtige halve dag</h1>



<h2 class="wp-block-heading">Een unieke ervaring binnen de historische muren van de Haras de la Vendée of het Historial de la Vendée.</h2>



<p class="has-text-align-center">1/2 dag</p>



<div class="wp-block-group is-layout-constrained wp-block-group-is-layout-constrained" style="margin-top:var(--wp--preset--spacing--60);margin-bottom:var(--wp--preset--spacing--60)">
<figure class="wp-block-image aligncenter size-full is-resized"><img loading="lazy" decoding="async" src="https://camping-lapinede.net/wp-content/uploads/2023/06/vague-1.png" alt="camping aan de Pointe d'Arçay aan zee" class="wp-image-173" width="90" height="17" srcset="https://camping-lapinede.net/wp-content/uploads/2023/06/vague-1.png 360w, https://camping-lapinede.net/wp-content/uploads/2023/06/vague-1-300x57.png 300w" sizes="auto, (max-width: 90px) 100vw, 90px" /></figure>
</div>



<p>Zelfs in de regen is de Vendée vol schatten om te ontdekken. We hebben twee opties om je een ochtend of middag bezig te houden.</p>



<p><strong>Geïnteresseerd in paarden en ruiterkunst in de Vendée?</strong>  Bewonder de gratie van deze uitzonderlijke wezens in de Haras de la Vendée.</p>



<p><strong>Ben je een geschiedenisfanaat of gewoon nieuwsgierig naar het verleden?</strong>  Ga naar het Historial de la Vendée voor een ontmoeting met de geschiedenis van de Vendée. Beide plaatsen bieden een onderdompeling in de geschiedenis en cultuur van de regio, zodat je het beste uit je tijd kunt halen ondanks de grillen van de lucht.</p>



<div class="wp-block-media-text alignwide is-stacked-on-mobile"><figure class="wp-block-media-text__media"><img loading="lazy" decoding="async" width="1024" height="683" src="https://camping-lapinede.net/wp-content/uploads/2023/06/spectacles-equestres-haras-dela-vendee-IMG_1292-1024x683.jpg" alt="VERKOOP" class="wp-image-255 size-full" srcset="https://camping-lapinede.net/wp-content/uploads/2023/06/spectacles-equestres-haras-dela-vendee-IMG_1292-1024x683.jpg 1024w, https://camping-lapinede.net/wp-content/uploads/2023/06/spectacles-equestres-haras-dela-vendee-IMG_1292-300x200.jpg 300w, https://camping-lapinede.net/wp-content/uploads/2023/06/spectacles-equestres-haras-dela-vendee-IMG_1292-768x512.jpg 768w, https://camping-lapinede.net/wp-content/uploads/2023/06/spectacles-equestres-haras-dela-vendee-IMG_1292.jpg 1200w" sizes="auto, (max-width: 1024px) 100vw, 1024px" /></figure><div class="wp-block-media-text__content">
<h2 class="wp-block-heading"><span style="font-size: 14.4px;">De Haras de la Vendée&#8230; een plek die je zal verbazen!  </span></h2>



<p><span style="font-size: 14.4px;">De Haras de la Vendée biedt je de kans om je onder te dompelen in de wereld van <strong>de paardensport </strong>. Weer of geen weer, het is de ideale plek om een boeiend moment door te brengen. Dit historische landgoed in La Roche-sur-Yon is gewijd aan paarden en de paardensport. Profiteer van je bezoek om de stallen en tuinen te verkennen en de prachtige paarden uit de Vendée te bewonderen. Je kunt ook kijken naar ruitershows en demonstraties die de talenten en gratie van deze majestueuze dieren laten zien. De Haras de la Vendée biedt ook tijdelijke tentoonstellingen over de hippische geschiedenis en cultuur van de regio. Dompel jezelf onder in deze fascinerende en lonende wereld en ontdek de evolutie van het paardrijden en de lokale tradities die met paarden verbonden zijn.  </span></p>
</div></div>



<div class="wp-block-group is-layout-constrained wp-block-group-is-layout-constrained" style="margin-top:var(--wp--preset--spacing--60);margin-bottom:var(--wp--preset--spacing--60)">
<figure class="wp-block-image aligncenter size-full is-resized"><img loading="lazy" decoding="async" src="https://camping-lapinede.net/wp-content/uploads/2023/06/vague-1.png" alt="camping aan de Pointe d'Arçay aan zee" class="wp-image-173" width="90" height="17" srcset="https://camping-lapinede.net/wp-content/uploads/2023/06/vague-1.png 360w, https://camping-lapinede.net/wp-content/uploads/2023/06/vague-1-300x57.png 300w" sizes="auto, (max-width: 90px) 100vw, 90px" /></figure>
</div>



<div class="wp-block-media-text alignwide has-media-on-the-right is-stacked-on-mobile"><div class="wp-block-media-text__content">
<h2 class="wp-block-heading">De Historial de la Vendée&#8230; een herinnering aan het verleden</h2>



<p>De Historial de la Vendée neemt je mee op een reis door de geschiedenis van de regio. Dit ligt in Les Lucs-sur-Boulogne en is een must voor geschiedenisliefhebbers. Dit museum biedt een complete onderdompeling in de geschiedenis van de Vendée, van de prehistorie tot nu.<br>Profiteer van een regenachtige halve dag om de verschillende tentoonstellingszalen te verkennen, die de belangrijkste gebeurtenissen in de regio weergeven. Ontdek artefacten, historische re-enactments en ooggetuigenverslagen die je onderdompelen in het hart van de geschiedenis van de Vendée.<br>Het Historial de la Vendée biedt ook interactieve activiteiten voor een nog intensere ervaring. Jong en oud kunnen belangrijke momenten in de geschiedenis van de regio herbeleven en de kwesties begrijpen die de ontwikkeling van de regio hebben bepaald.</p>
</div><figure class="wp-block-media-text__media"><img loading="lazy" decoding="async" width="1024" height="683" src="https://camping-lapinede.net/wp-content/uploads/2023/06/Historial-de-la-vendee-aerienne.jpg" alt="geschiedenis van de verkoop" class="wp-image-256 size-full" srcset="https://camping-lapinede.net/wp-content/uploads/2023/06/Historial-de-la-vendee-aerienne.jpg 1024w, https://camping-lapinede.net/wp-content/uploads/2023/06/Historial-de-la-vendee-aerienne-300x200.jpg 300w, https://camping-lapinede.net/wp-content/uploads/2023/06/Historial-de-la-vendee-aerienne-768x512.jpg 768w" sizes="auto, (max-width: 1024px) 100vw, 1024px" /></figure></div>



<div class="wp-block-group is-layout-constrained wp-block-group-is-layout-constrained" style="margin-top:var(--wp--preset--spacing--60);margin-bottom:var(--wp--preset--spacing--60)">
<figure class="wp-block-image aligncenter size-full is-resized"><img loading="lazy" decoding="async" src="https://camping-lapinede.net/wp-content/uploads/2023/06/vague-1.png" alt="camping aan de Pointe d'Arçay aan zee" class="wp-image-173" width="90" height="17" srcset="https://camping-lapinede.net/wp-content/uploads/2023/06/vague-1.png 360w, https://camping-lapinede.net/wp-content/uploads/2023/06/vague-1-300x57.png 300w" sizes="auto, (max-width: 90px) 100vw, 90px" /></figure>
</div>



<p>Beide sites bieden<strong> gereduceerde tarieven voor kinderen, studenten en senioren</strong>.</p>



<p>Dus zelfs als het regent, biedt de Vendée een aantal <strong>spannende alternatieven om</strong> je tijd mee door te brengen. Of je nu kiest voor de Haras de la Vendée of de Historial de la Vendée, je zult genieten van een rijke en onvergetelijke culturele ervaring.</p>

<p>Regenachtige halve dag Een unieke ervaring binnen de historische muren van de Haras de la Vendée of het Historial de la Vendée. 1/2 dag Zelfs in de regen is de Vendée vol schatten om te ontdekken. We hebben twee opties om je een ochtend of middag bezig te houden. Geïnteresseerd in paarden en ruiterkunst in [&hellip;]</p>

Een halve dag in de regen - Camping en Vendée

De eigenaren van camping La Pinède bieden je een regenachtige halve dag in het hart van de Haras de la Vendée of de Historial de la Vendée.
