{"id":1975,"date":"2023-06-15T16:22:30","date_gmt":"2023-06-15T14:22:30","guid":{"rendered":"https:\/\/camping-lapinede.net\/natuurreservaat-saint-denis-du-payre\/"},"modified":"2023-06-15T16:22:30","modified_gmt":"2023-06-15T14:22:30","slug":"natuurreservaat-saint-denis-du-payre","status":"publish","type":"page","link":"https:\/\/camping-lapinede.net\/nl\/natuur\/natuurreservaat-saint-denis-du-payre\/","title":{"rendered":"Natuurreservaat Saint Denis du Payr\u00e9"},"content":{"rendered":"\n<h1 class=\"wp-block-heading\">Natuurreservaat Saint Denis du Payr\u00e9<\/h1>\n\n\n\n<h2 class=\"wp-block-heading\">La Pin\u00e8de, de ideale uitvalsbasis voor een uitstapje naar het Parc Naturel de St Denis du Payr\u00e9.<\/h2>\n\n\n\n<div class=\"wp-block-columns is-layout-flex wp-container-core-columns-is-layout-28f84493 wp-block-columns-is-layout-flex\">\n<div class=\"wp-block-column is-layout-flow wp-block-column-is-layout-flow\">\n<p>Ontdek op een paar minuten van camping La Pin\u00e8de*** het vogelobservatorium van het <strong>natuurreservaat Saint-Denis-du-Payr\u00e9<\/strong>.<br>Het is de thuisbasis van meer dan 140 vogelsoorten in verschillende tijden van het jaar.  <\/p>\n\n\n\n<p>Het is een geweldige plek om de natuur en het wildleven van de regio te observeren.<\/p>\n\n\n\n<p>Het nationale natuurreservaat van het gemeentelijke moeras Saint-Denis-du-Payr\u00e9 of natuurreservaat Michel Brosselin is een nationaal natuurreservaat dat in 1976 werd geclassificeerd.  <\/p>\n\n\n\n<p>Het heeft een oppervlakte van 206 hectare en beschermt een gemeenschappelijk moeras dat typisch is voor het Marais Poitevin.<\/p>\n<\/div>\n\n\n\n<div class=\"wp-block-column is-layout-flow wp-block-column-is-layout-flow\">\n<p>Profiteer van de trekperiodes van eind februari tot mei of van juli tot oktober, wanneer trekvogels een tussenstop maken in de Vend\u00e9e. Het is een beschermd gebied waar ze kunnen genieten van een rustig verblijf.<\/p>\n\n\n\n<p><em>U kunt ontdekken :<\/em><\/p>\n\n\n\n<ul class=\"wp-block-list\">\n<li>In de zomer zijn de lepelaar, grutto, steltkluut&#8230;<\/li>\n\n\n\n<li>In de winter zijn er populaties trekvogels uit Noord-Europa en Scandinavi\u00eb: grauwe ganzen, fluiteenden, wintertalingen, enz.<\/li>\n<\/ul>\n\n\n\n<p>Er zijn <strong>zoveel levende soorten <\/strong>in het natuurreservaat die niet op de lijst staan omdat ze zo talrijk zijn, en ze zijn in alle seizoenen te zien.<\/p>\n<\/div>\n<\/div>\n\n\n<div class=\"wp-block-sev-diaporama alignfull\">\t\t\t<div id=\"sevgallery-4233449159\" class=\"sev-diaporama sev-diaporama-portfolio\">\r\n\t\t\t<div class=\"row\">\r\n\r\n\t\t\t\r\n\t\t\t\t\r\n\t\t\t\t<div class=\"sev-diaporama-portfolio-item col-12 col-sm \">\r\n\r\n\t\t\t\t\t\t\t\t\t\t<a href=\"https:\/\/camping-lapinede.net\/wp-content\/uploads\/2023\/08\/P1130312.jpg\" data-lightbox=\"sevgallery-4233449159\" style=\"background-image: url(https:\/\/camping-lapinede.net\/wp-content\/uploads\/2023\/08\/P1130312.jpg)\">\r\n\t\t\t\t\t\t\t\t\t\t\t<img decoding=\"async\" src=\"https:\/\/camping-lapinede.net\/wp-content\/uploads\/2023\/08\/P1130312.jpg\" alt=\"\" loading=\"lazy\">\r\n\t\t\t\t\t\t\t\t\t\t<\/a>\r\n\t\t\t\t\t\t\t\t\t<\/div>\r\n\r\n\t\t\t\t\r\n\t\t\t\t\t\t\t\t\t\t\t\r\n\t\t\t\t\r\n\t\t\t\t<div class=\"sev-diaporama-portfolio-item col-12 col-sm  col-shrink\">\r\n\r\n\t\t\t\t\t\t\t\t\t\t<a href=\"https:\/\/camping-lapinede.net\/wp-content\/uploads\/2023\/08\/IMG_3391.jpg\" data-lightbox=\"sevgallery-4233449159\" style=\"background-image: url(https:\/\/camping-lapinede.net\/wp-content\/uploads\/2023\/08\/IMG_3391.jpg)\">\r\n\t\t\t\t\t\t\t\t\t\t\t<img decoding=\"async\" src=\"https:\/\/camping-lapinede.net\/wp-content\/uploads\/2023\/08\/IMG_3391.jpg\" alt=\"\" loading=\"lazy\">\r\n\t\t\t\t\t\t\t\t\t\t<\/a>\r\n\t\t\t\t\t\t\t\t\t<\/div>\r\n\r\n\t\t\t\t\r\n\t\t\t\t\t\t\t\t\t\t\t\r\n\t\t\t\t\r\n\t\t\t\t<div class=\"sev-diaporama-portfolio-item col-12 col-sm  col-grow\">\r\n\r\n\t\t\t\t\t\t\t\t\t\t<a href=\"https:\/\/camping-lapinede.net\/wp-content\/uploads\/2023\/08\/P1130314.jpg\" data-lightbox=\"sevgallery-4233449159\" style=\"background-image: url(https:\/\/camping-lapinede.net\/wp-content\/uploads\/2023\/08\/P1130314.jpg)\">\r\n\t\t\t\t\t\t\t\t\t\t\t<img decoding=\"async\" src=\"https:\/\/camping-lapinede.net\/wp-content\/uploads\/2023\/08\/P1130314.jpg\" alt=\"\" loading=\"lazy\">\r\n\t\t\t\t\t\t\t\t\t\t<\/a>\r\n\t\t\t\t\t\t\t\t\t<\/div>\r\n\r\n\t\t\t\t\r\n\t\t\t\t\t\t\t\t\t\t\t\r\n\t\t\t\t\r\n\t\t\t\t<div class=\"sev-diaporama-portfolio-item col-12 col-sm  col-shrink\">\r\n\r\n\t\t\t\t\t\t\t\t\t\t<a href=\"https:\/\/camping-lapinede.net\/wp-content\/uploads\/2023\/08\/IMG_2983.jpg\" data-lightbox=\"sevgallery-4233449159\" style=\"background-image: url(https:\/\/camping-lapinede.net\/wp-content\/uploads\/2023\/08\/IMG_2983.jpg)\">\r\n\t\t\t\t\t\t\t\t\t\t\t<img decoding=\"async\" src=\"https:\/\/camping-lapinede.net\/wp-content\/uploads\/2023\/08\/IMG_2983.jpg\" alt=\"\" loading=\"lazy\">\r\n\t\t\t\t\t\t\t\t\t\t<\/a>\r\n\t\t\t\t\t\t\t\t\t<\/div>\r\n\r\n\t\t\t\t\t\t\t\t\t<div class=\"w-100\"><\/div>\r\n\t\t\t\t\t\t\t\t\t\r\n\t\t\t\t\t\t\t\t\t\t\t\r\n\t\t\t\t\r\n\t\t\t\t<div class=\"sev-diaporama-portfolio-item col-12 col-sm \">\r\n\r\n\t\t\t\t\t\t\t\t\t\t<a href=\"https:\/\/camping-lapinede.net\/wp-content\/uploads\/2023\/09\/reseverbellehenriette.jpg\" data-lightbox=\"sevgallery-4233449159\" style=\"background-image: url(https:\/\/camping-lapinede.net\/wp-content\/uploads\/2023\/09\/reseverbellehenriette.jpg)\">\r\n\t\t\t\t\t\t\t\t\t\t\t<img decoding=\"async\" src=\"https:\/\/camping-lapinede.net\/wp-content\/uploads\/2023\/09\/reseverbellehenriette.jpg\" alt=\"\" loading=\"lazy\">\r\n\t\t\t\t\t\t\t\t\t\t<\/a>\r\n\t\t\t\t\t\t\t\t\t<\/div>\r\n\r\n\t\t\t\t\r\n\t\t\t\t\t\t\t\t\t\t\t\r\n\t\t\t\t\r\n\t\t\t\t<div class=\"sev-diaporama-portfolio-item col-12 col-sm \">\r\n\r\n\t\t\t\t\t\t\t\t\t\t<a href=\"https:\/\/camping-lapinede.net\/wp-content\/uploads\/2023\/06\/reservenaturellemichelbros-2_792x528.jpg\" data-lightbox=\"sevgallery-4233449159\" style=\"background-image: url(https:\/\/camping-lapinede.net\/wp-content\/uploads\/2023\/06\/reservenaturellemichelbros-2_792x528.jpg)\">\r\n\t\t\t\t\t\t\t\t\t\t\t<img decoding=\"async\" src=\"https:\/\/camping-lapinede.net\/wp-content\/uploads\/2023\/06\/reservenaturellemichelbros-2_792x528.jpg\" alt=\"\" loading=\"lazy\">\r\n\t\t\t\t\t\t\t\t\t\t<\/a>\r\n\t\t\t\t\t\t\t\t\t<\/div>\r\n\r\n\t\t\t\t\r\n\t\t\t\t\t\t\t\t\t\t\t\r\n\t\t\t\t\r\n\t\t\t\t<div class=\"sev-diaporama-portfolio-item col-12 col-sm  col-grow\">\r\n\r\n\t\t\t\t\t\t\t\t\t\t<a href=\"https:\/\/camping-lapinede.net\/wp-content\/uploads\/2023\/08\/P1130319.jpg\" data-lightbox=\"sevgallery-4233449159\" style=\"background-image: url(https:\/\/camping-lapinede.net\/wp-content\/uploads\/2023\/08\/P1130319.jpg)\">\r\n\t\t\t\t\t\t\t\t\t\t\t<img decoding=\"async\" src=\"https:\/\/camping-lapinede.net\/wp-content\/uploads\/2023\/08\/P1130319.jpg\" alt=\"\" loading=\"lazy\">\r\n\t\t\t\t\t\t\t\t\t\t<\/a>\r\n\t\t\t\t\t\t\t\t\t<\/div>\r\n\r\n\t\t\t\t\r\n\t\t\t\t\t\t\t\t\t\t\t\r\n\t\t\t\t\r\n\t\t\t\t<div class=\"sev-diaporama-portfolio-item col-12 col-sm  col-shrink\">\r\n\r\n\t\t\t\t\t\t\t\t\t\t<a href=\"https:\/\/camping-lapinede.net\/wp-content\/uploads\/2023\/06\/ReservenaturelleMichelBrosse_792x528.jpg\" data-lightbox=\"sevgallery-4233449159\" style=\"background-image: url(https:\/\/camping-lapinede.net\/wp-content\/uploads\/2023\/06\/ReservenaturelleMichelBrosse_792x528.jpg)\">\r\n\t\t\t\t\t\t\t\t\t\t\t<img decoding=\"async\" src=\"https:\/\/camping-lapinede.net\/wp-content\/uploads\/2023\/06\/ReservenaturelleMichelBrosse_792x528.jpg\" alt=\"\" loading=\"lazy\">\r\n\t\t\t\t\t\t\t\t\t\t<\/a>\r\n\t\t\t\t\t\t\t\t\t<\/div>\r\n\r\n\t\t\t\t\t\t\t\t\t<div class=\"w-100\"><\/div>\r\n\t\t\t\t\t\t\t\t\t\r\n\t\t\t\t\t\t\t\t\t\t\t\r\n\t\t\t\t\r\n\t\t\t\t<div class=\"sev-diaporama-portfolio-item col-12 col-sm  col-shrink\">\r\n\r\n\t\t\t\t\t\t\t\t\t\t<a href=\"https:\/\/camping-lapinede.net\/wp-content\/uploads\/2023\/08\/IMG_1247.jpg\" data-lightbox=\"sevgallery-4233449159\" style=\"background-image: url(https:\/\/camping-lapinede.net\/wp-content\/uploads\/2023\/08\/IMG_1247.jpg)\">\r\n\t\t\t\t\t\t\t\t\t\t\t<img decoding=\"async\" src=\"https:\/\/camping-lapinede.net\/wp-content\/uploads\/2023\/08\/IMG_1247.jpg\" alt=\"\" loading=\"lazy\">\r\n\t\t\t\t\t\t\t\t\t\t<\/a>\r\n\t\t\t\t\t\t\t\t\t<\/div>\r\n\r\n\t\t\t\t\r\n\t\t\t\t\t\t\t\t\t\t\t\r\n\t\t\t\t\r\n\t\t\t\t<div class=\"sev-diaporama-portfolio-item col-12 col-sm  col-shrink\">\r\n\r\n\t\t\t\t\t\t\t\t\t\t<a href=\"https:\/\/camping-lapinede.net\/wp-content\/uploads\/2023\/09\/pointe-arcay.jpg\" data-lightbox=\"sevgallery-4233449159\" style=\"background-image: url(https:\/\/camping-lapinede.net\/wp-content\/uploads\/2023\/09\/pointe-arcay.jpg)\">\r\n\t\t\t\t\t\t\t\t\t\t\t<img decoding=\"async\" src=\"https:\/\/camping-lapinede.net\/wp-content\/uploads\/2023\/09\/pointe-arcay.jpg\" alt=\"\" loading=\"lazy\">\r\n\t\t\t\t\t\t\t\t\t\t<\/a>\r\n\t\t\t\t\t\t\t\t\t<\/div>\r\n\r\n\t\t\t\t\r\n\t\t\t\t\t\t\t\t\t\t\t\t\t\t<\/div>\r\n\t\t\t<\/div>\r\n\r\n\t\t\t<script>\r\n\t\t\tjQuery(function($) {\r\n\r\n\t\t\t\tvar marginPortfolio = function() {\r\n\r\n\t\t\t\t\tvar $diapo          = $('#sevgallery-4233449159');\r\n\t\t\t\t\tvar container_width = $diapo.parent().outerWidth();\r\n\t\t\t\t\tvar side            = ( $(window).innerWidth() - container_width ) \/ 2;\r\n\r\n\t\t\t\t\t$diapo.css( {\r\n\t\t\t\t\t\t'margin-left': '-' + side + 'px',\r\n\t\t\t\t\t\t'margin-right': '-' + side + 'px',\r\n\t\t\t\t\t} );\r\n\t\t\t\t};\r\n\r\n\t\t\t\t$( window ).resize( function() {\r\n\t\t\t\t\tmarginPortfolio();\r\n\t\t\t\t} );\r\n\t\t\t\tmarginPortfolio();\r\n\t\t\t});\r\n\t\t\t<\/script>\r\n\t\t\t<\/div>\n\n\n<div class=\"wp-block-group alignfull is-content-justification-left is-layout-constrained wp-container-core-group-is-layout-12dd3699 wp-block-group-is-layout-constrained\">\n<p class=\"has-petit-font-size\"><em>S.BOURCIER\/Vend\u00e9e Expansion-Rechten voorbehouden &#8211; www.vendee-tourisme.com \/ elke reproductie of publicatie verboden<\/em><\/p>\n<\/div>\n","protected":false},"excerpt":{"rendered":"<p>Natuurreservaat Saint Denis du Payr\u00e9 La Pin\u00e8de, de ideale uitvalsbasis voor een uitstapje naar het Parc Naturel de St Denis du Payr\u00e9. Ontdek op een paar minuten van camping La Pin\u00e8de*** het vogelobservatorium van het natuurreservaat Saint-Denis-du-Payr\u00e9.Het is de thuisbasis van meer dan 140 vogelsoorten in verschillende tijden van het jaar. Het is een geweldige [&hellip;]<\/p>\n","protected":false},"author":1,"featured_media":0,"parent":1986,"menu_order":0,"comment_status":"closed","ping_status":"closed","template":"","meta":{"_seopress_robots_primary_cat":"","_seopress_titles_title":"Natuurreservaat Saint Denis du Payr\u00e9 - Toerisme Vend\u00e9e","_seopress_titles_desc":"Uw camping La Pin\u00e8de in het zuiden van de Vend\u00e9e is de ideale uitvalsbasis voor een bezoek aan het Parc Naturel de St Denis du Payr\u00e9.","_seopress_robots_index":"","footnotes":""},"class_list":["post-1975","page","type-page","status-publish","hentry"],"_links":{"self":[{"href":"https:\/\/camping-lapinede.net\/nl\/wp-json\/wp\/v2\/pages\/1975","targetHints":{"allow":["GET"]}}],"collection":[{"href":"https:\/\/camping-lapinede.net\/nl\/wp-json\/wp\/v2\/pages"}],"about":[{"href":"https:\/\/camping-lapinede.net\/nl\/wp-json\/wp\/v2\/types\/page"}],"author":[{"embeddable":true,"href":"https:\/\/camping-lapinede.net\/nl\/wp-json\/wp\/v2\/users\/1"}],"replies":[{"embeddable":true,"href":"https:\/\/camping-lapinede.net\/nl\/wp-json\/wp\/v2\/comments?post=1975"}],"version-history":[{"count":0,"href":"https:\/\/camping-lapinede.net\/nl\/wp-json\/wp\/v2\/pages\/1975\/revisions"}],"up":[{"embeddable":true,"href":"https:\/\/camping-lapinede.net\/nl\/wp-json\/wp\/v2\/pages\/1986"}],"wp:attachment":[{"href":"https:\/\/camping-lapinede.net\/nl\/wp-json\/wp\/v2\/media?parent=1975"}],"curies":[{"name":"wp","href":"https:\/\/api.w.org\/{rel}","templated":true}]}}

Natuurreservaat Saint Denis du Payré

<h1 class="wp-block-heading">Natuurreservaat Saint Denis du Payré</h1>



<h2 class="wp-block-heading">La Pinède, de ideale uitvalsbasis voor een uitstapje naar het Parc Naturel de St Denis du Payré.</h2>



<div class="wp-block-columns is-layout-flex wp-container-core-columns-is-layout-28f84493 wp-block-columns-is-layout-flex">
<div class="wp-block-column is-layout-flow wp-block-column-is-layout-flow">
<p>Ontdek op een paar minuten van camping La Pinède*** het vogelobservatorium van het <strong>natuurreservaat Saint-Denis-du-Payré</strong>.<br>Het is de thuisbasis van meer dan 140 vogelsoorten in verschillende tijden van het jaar.  </p>



<p>Het is een geweldige plek om de natuur en het wildleven van de regio te observeren.</p>



<p>Het nationale natuurreservaat van het gemeentelijke moeras Saint-Denis-du-Payré of natuurreservaat Michel Brosselin is een nationaal natuurreservaat dat in 1976 werd geclassificeerd.  </p>



<p>Het heeft een oppervlakte van 206 hectare en beschermt een gemeenschappelijk moeras dat typisch is voor het Marais Poitevin.</p>
</div>



<div class="wp-block-column is-layout-flow wp-block-column-is-layout-flow">
<p>Profiteer van de trekperiodes van eind februari tot mei of van juli tot oktober, wanneer trekvogels een tussenstop maken in de Vendée. Het is een beschermd gebied waar ze kunnen genieten van een rustig verblijf.</p>



<p><em>U kunt ontdekken :</em></p>



<ul class="wp-block-list">
<li>In de zomer zijn de lepelaar, grutto, steltkluut&#8230;</li>



<li>In de winter zijn er populaties trekvogels uit Noord-Europa en Scandinavië: grauwe ganzen, fluiteenden, wintertalingen, enz.</li>
</ul>



<p>Er zijn <strong>zoveel levende soorten </strong>in het natuurreservaat die niet op de lijst staan omdat ze zo talrijk zijn, en ze zijn in alle seizoenen te zien.</p>
</div>
</div>


<div class="wp-block-sev-diaporama alignfull">			<div id="sevgallery-4233449159" class="sev-diaporama sev-diaporama-portfolio">
			<div class="row">

			
				
				<div class="sev-diaporama-portfolio-item col-12 col-sm ">

										<a href="https://camping-lapinede.net/wp-content/uploads/2023/08/P1130312.jpg" data-lightbox="sevgallery-4233449159" style="background-image: url(https://camping-lapinede.net/wp-content/uploads/2023/08/P1130312.jpg)">
											<img decoding="async" src="https://camping-lapinede.net/wp-content/uploads/2023/08/P1130312.jpg" alt="" loading="lazy">
										</a>
									</div>

				
											
				
				<div class="sev-diaporama-portfolio-item col-12 col-sm  col-shrink">

										<a href="https://camping-lapinede.net/wp-content/uploads/2023/08/IMG_3391.jpg" data-lightbox="sevgallery-4233449159" style="background-image: url(https://camping-lapinede.net/wp-content/uploads/2023/08/IMG_3391.jpg)">
											<img decoding="async" src="https://camping-lapinede.net/wp-content/uploads/2023/08/IMG_3391.jpg" alt="" loading="lazy">
										</a>
									</div>

				
											
				
				<div class="sev-diaporama-portfolio-item col-12 col-sm  col-grow">

										<a href="https://camping-lapinede.net/wp-content/uploads/2023/08/P1130314.jpg" data-lightbox="sevgallery-4233449159" style="background-image: url(https://camping-lapinede.net/wp-content/uploads/2023/08/P1130314.jpg)">
											<img decoding="async" src="https://camping-lapinede.net/wp-content/uploads/2023/08/P1130314.jpg" alt="" loading="lazy">
										</a>
									</div>

				
											
				
				<div class="sev-diaporama-portfolio-item col-12 col-sm  col-shrink">

										<a href="https://camping-lapinede.net/wp-content/uploads/2023/08/IMG_2983.jpg" data-lightbox="sevgallery-4233449159" style="background-image: url(https://camping-lapinede.net/wp-content/uploads/2023/08/IMG_2983.jpg)">
											<img decoding="async" src="https://camping-lapinede.net/wp-content/uploads/2023/08/IMG_2983.jpg" alt="" loading="lazy">
										</a>
									</div>

									<div class="w-100"></div>
									
											
				
				<div class="sev-diaporama-portfolio-item col-12 col-sm ">

										<a href="https://camping-lapinede.net/wp-content/uploads/2023/09/reseverbellehenriette.jpg" data-lightbox="sevgallery-4233449159" style="background-image: url(https://camping-lapinede.net/wp-content/uploads/2023/09/reseverbellehenriette.jpg)">
											<img decoding="async" src="https://camping-lapinede.net/wp-content/uploads/2023/09/reseverbellehenriette.jpg" alt="" loading="lazy">
										</a>
									</div>

				
											
				
				<div class="sev-diaporama-portfolio-item col-12 col-sm ">

										<a href="https://camping-lapinede.net/wp-content/uploads/2023/06/reservenaturellemichelbros-2_792x528.jpg" data-lightbox="sevgallery-4233449159" style="background-image: url(https://camping-lapinede.net/wp-content/uploads/2023/06/reservenaturellemichelbros-2_792x528.jpg)">
											<img decoding="async" src="https://camping-lapinede.net/wp-content/uploads/2023/06/reservenaturellemichelbros-2_792x528.jpg" alt="" loading="lazy">
										</a>
									</div>

				
											
				
				<div class="sev-diaporama-portfolio-item col-12 col-sm  col-grow">

										<a href="https://camping-lapinede.net/wp-content/uploads/2023/08/P1130319.jpg" data-lightbox="sevgallery-4233449159" style="background-image: url(https://camping-lapinede.net/wp-content/uploads/2023/08/P1130319.jpg)">
											<img decoding="async" src="https://camping-lapinede.net/wp-content/uploads/2023/08/P1130319.jpg" alt="" loading="lazy">
										</a>
									</div>

				
											
				
				<div class="sev-diaporama-portfolio-item col-12 col-sm  col-shrink">

										<a href="https://camping-lapinede.net/wp-content/uploads/2023/06/ReservenaturelleMichelBrosse_792x528.jpg" data-lightbox="sevgallery-4233449159" style="background-image: url(https://camping-lapinede.net/wp-content/uploads/2023/06/ReservenaturelleMichelBrosse_792x528.jpg)">
											<img decoding="async" src="https://camping-lapinede.net/wp-content/uploads/2023/06/ReservenaturelleMichelBrosse_792x528.jpg" alt="" loading="lazy">
										</a>
									</div>

									<div class="w-100"></div>
									
											
				
				<div class="sev-diaporama-portfolio-item col-12 col-sm  col-shrink">

										<a href="https://camping-lapinede.net/wp-content/uploads/2023/08/IMG_1247.jpg" data-lightbox="sevgallery-4233449159" style="background-image: url(https://camping-lapinede.net/wp-content/uploads/2023/08/IMG_1247.jpg)">
											<img decoding="async" src="https://camping-lapinede.net/wp-content/uploads/2023/08/IMG_1247.jpg" alt="" loading="lazy">
										</a>
									</div>

				
											
				
				<div class="sev-diaporama-portfolio-item col-12 col-sm  col-shrink">

										<a href="https://camping-lapinede.net/wp-content/uploads/2023/09/pointe-arcay.jpg" data-lightbox="sevgallery-4233449159" style="background-image: url(https://camping-lapinede.net/wp-content/uploads/2023/09/pointe-arcay.jpg)">
											<img decoding="async" src="https://camping-lapinede.net/wp-content/uploads/2023/09/pointe-arcay.jpg" alt="" loading="lazy">
										</a>
									</div>

				
														</div>
			</div>

			<script>
			jQuery(function($) {

				var marginPortfolio = function() {

					var $diapo          = $('#sevgallery-4233449159');
					var container_width = $diapo.parent().outerWidth();
					var side            = ( $(window).innerWidth() - container_width ) / 2;

					$diapo.css( {
						'margin-left': '-' + side + 'px',
						'margin-right': '-' + side + 'px',
					} );
				};

				$( window ).resize( function() {
					marginPortfolio();
				} );
				marginPortfolio();
			});
			</script>
			</div>


<div class="wp-block-group alignfull is-content-justification-left is-layout-constrained wp-container-core-group-is-layout-12dd3699 wp-block-group-is-layout-constrained">
<p class="has-petit-font-size"><em>S.BOURCIER/Vendée Expansion-Rechten voorbehouden &#8211; www.vendee-tourisme.com / elke reproductie of publicatie verboden</em></p>
</div>

<p>Natuurreservaat Saint Denis du Payré La Pinède, de ideale uitvalsbasis voor een uitstapje naar het Parc Naturel de St Denis du Payré. Ontdek op een paar minuten van camping La Pinède*** het vogelobservatorium van het natuurreservaat Saint-Denis-du-Payré.Het is de thuisbasis van meer dan 140 vogelsoorten in verschillende tijden van het jaar. Het is een geweldige [&hellip;]</p>

Natuurreservaat Saint Denis du Payré - Toerisme Vendée

Uw camping La Pinède in het zuiden van de Vendée is de ideale uitvalsbasis voor een bezoek aan het Parc Naturel de St Denis du Payré.
