{"id":1981,"date":"2023-06-15T16:22:30","date_gmt":"2023-06-15T14:22:30","guid":{"rendered":"https:\/\/camping-lapinede.net\/saint-denis-du-payre-nature-reserve\/"},"modified":"2023-06-15T16:22:30","modified_gmt":"2023-06-15T14:22:30","slug":"saint-denis-du-payre-nature-reserve","status":"publish","type":"page","link":"https:\/\/camping-lapinede.net\/en\/nature\/saint-denis-du-payre-nature-reserve\/","title":{"rendered":"Saint Denis du Payr\u00e9 Nature Reserve"},"content":{"rendered":"\n<h1 class=\"wp-block-heading\">Saint Denis du Payr\u00e9 Nature Reserve<\/h1>\n\n\n\n<h2 class=\"wp-block-heading\">La Pin\u00e8de, the ideal starting point for a trip to the Parc Naturel de St Denis du Payr\u00e9.<\/h2>\n\n\n\n<div class=\"wp-block-columns is-layout-flex wp-container-core-columns-is-layout-28f84493 wp-block-columns-is-layout-flex\">\n<div class=\"wp-block-column is-layout-flow wp-block-column-is-layout-flow\">\n<p>Just a few minutes from Camping La Pin\u00e8de***, discover the bird observatory at the <strong>Saint-Denis-du-Payr\u00e9 nature reserve<\/strong>.<br>It is home to over 140 species of birds in different seasons.  <\/p>\n\n\n\n<p>It&#8217;s an ideal location for observing the region&#8217;s nature and wildlife.<\/p>\n\n\n\n<p>The R\u00e9serve Naturelle Nationale du Marais Communal de Saint-Denis-du-Payr\u00e9 or R\u00e9serve Naturelle Michel Brosselin is a national nature reserve classified in 1976.  <\/p>\n\n\n\n<p>It covers an area of 206 hectares and protects a communal marsh typical of the Marais Poitevin.<\/p>\n<\/div>\n\n\n\n<div class=\"wp-block-column is-layout-flow wp-block-column-is-layout-flow\">\n<p>Take advantage of the migration periods from late February to May or from July to October, when migratory birds make a stopover in Vend\u00e9e. It&#8217;s a protected area where they can enjoy a peaceful stay.<\/p>\n\n\n\n<p><em>Here you can discover :<\/em><\/p>\n\n\n\n<ul class=\"wp-block-list\">\n<li>In summer, Eurasian Spoonbill, Black-tailed Godwit, White-winged Stilt&#8230;<\/li>\n\n\n\n<li>In winter, populations of migratory birds from Northern Europe and Scandinavia: Greylag Geese, Whistling Ducks, Green-winged Teals&#8230;<\/li>\n<\/ul>\n\n\n\n<p>There are so <strong>many living species <\/strong>in the nature reserve that are not listed because they are so numerous, and they can be observed in all seasons.<\/p>\n<\/div>\n<\/div>\n\n\n<div class=\"wp-block-sev-diaporama alignfull\">\t\t\t<div id=\"sevgallery-857555975\" class=\"sev-diaporama sev-diaporama-portfolio\">\r\n\t\t\t<div class=\"row\">\r\n\r\n\t\t\t\r\n\t\t\t\t\r\n\t\t\t\t<div class=\"sev-diaporama-portfolio-item col-12 col-sm  col-grow\">\r\n\r\n\t\t\t\t\t\t\t\t\t\t<a href=\"https:\/\/camping-lapinede.net\/wp-content\/uploads\/2023\/08\/P1130312.jpg\" data-lightbox=\"sevgallery-857555975\" style=\"background-image: url(https:\/\/camping-lapinede.net\/wp-content\/uploads\/2023\/08\/P1130312.jpg)\">\r\n\t\t\t\t\t\t\t\t\t\t\t<img decoding=\"async\" src=\"https:\/\/camping-lapinede.net\/wp-content\/uploads\/2023\/08\/P1130312.jpg\" alt=\"\" loading=\"lazy\">\r\n\t\t\t\t\t\t\t\t\t\t<\/a>\r\n\t\t\t\t\t\t\t\t\t<\/div>\r\n\r\n\t\t\t\t\r\n\t\t\t\t\t\t\t\t\t\t\t\r\n\t\t\t\t\r\n\t\t\t\t<div class=\"sev-diaporama-portfolio-item col-12 col-sm \">\r\n\r\n\t\t\t\t\t\t\t\t\t\t<a href=\"https:\/\/camping-lapinede.net\/wp-content\/uploads\/2023\/08\/IMG_3391.jpg\" data-lightbox=\"sevgallery-857555975\" style=\"background-image: url(https:\/\/camping-lapinede.net\/wp-content\/uploads\/2023\/08\/IMG_3391.jpg)\">\r\n\t\t\t\t\t\t\t\t\t\t\t<img decoding=\"async\" src=\"https:\/\/camping-lapinede.net\/wp-content\/uploads\/2023\/08\/IMG_3391.jpg\" alt=\"\" loading=\"lazy\">\r\n\t\t\t\t\t\t\t\t\t\t<\/a>\r\n\t\t\t\t\t\t\t\t\t<\/div>\r\n\r\n\t\t\t\t\r\n\t\t\t\t\t\t\t\t\t\t\t\r\n\t\t\t\t\r\n\t\t\t\t<div class=\"sev-diaporama-portfolio-item col-12 col-sm  col-grow\">\r\n\r\n\t\t\t\t\t\t\t\t\t\t<a href=\"https:\/\/camping-lapinede.net\/wp-content\/uploads\/2023\/08\/P1130314.jpg\" data-lightbox=\"sevgallery-857555975\" style=\"background-image: url(https:\/\/camping-lapinede.net\/wp-content\/uploads\/2023\/08\/P1130314.jpg)\">\r\n\t\t\t\t\t\t\t\t\t\t\t<img decoding=\"async\" src=\"https:\/\/camping-lapinede.net\/wp-content\/uploads\/2023\/08\/P1130314.jpg\" alt=\"\" loading=\"lazy\">\r\n\t\t\t\t\t\t\t\t\t\t<\/a>\r\n\t\t\t\t\t\t\t\t\t<\/div>\r\n\r\n\t\t\t\t\r\n\t\t\t\t\t\t\t\t\t\t\t\r\n\t\t\t\t\r\n\t\t\t\t<div class=\"sev-diaporama-portfolio-item col-12 col-sm \">\r\n\r\n\t\t\t\t\t\t\t\t\t\t<a href=\"https:\/\/camping-lapinede.net\/wp-content\/uploads\/2023\/08\/IMG_2983.jpg\" data-lightbox=\"sevgallery-857555975\" style=\"background-image: url(https:\/\/camping-lapinede.net\/wp-content\/uploads\/2023\/08\/IMG_2983.jpg)\">\r\n\t\t\t\t\t\t\t\t\t\t\t<img decoding=\"async\" src=\"https:\/\/camping-lapinede.net\/wp-content\/uploads\/2023\/08\/IMG_2983.jpg\" alt=\"\" loading=\"lazy\">\r\n\t\t\t\t\t\t\t\t\t\t<\/a>\r\n\t\t\t\t\t\t\t\t\t<\/div>\r\n\r\n\t\t\t\t\t\t\t\t\t<div class=\"w-100\"><\/div>\r\n\t\t\t\t\t\t\t\t\t\r\n\t\t\t\t\t\t\t\t\t\t\t\r\n\t\t\t\t\r\n\t\t\t\t<div class=\"sev-diaporama-portfolio-item col-12 col-sm \">\r\n\r\n\t\t\t\t\t\t\t\t\t\t<a href=\"https:\/\/camping-lapinede.net\/wp-content\/uploads\/2023\/09\/reseverbellehenriette.jpg\" data-lightbox=\"sevgallery-857555975\" style=\"background-image: url(https:\/\/camping-lapinede.net\/wp-content\/uploads\/2023\/09\/reseverbellehenriette.jpg)\">\r\n\t\t\t\t\t\t\t\t\t\t\t<img decoding=\"async\" src=\"https:\/\/camping-lapinede.net\/wp-content\/uploads\/2023\/09\/reseverbellehenriette.jpg\" alt=\"\" loading=\"lazy\">\r\n\t\t\t\t\t\t\t\t\t\t<\/a>\r\n\t\t\t\t\t\t\t\t\t<\/div>\r\n\r\n\t\t\t\t\r\n\t\t\t\t\t\t\t\t\t\t\t\r\n\t\t\t\t\r\n\t\t\t\t<div class=\"sev-diaporama-portfolio-item col-12 col-sm  col-shrink\">\r\n\r\n\t\t\t\t\t\t\t\t\t\t<a href=\"https:\/\/camping-lapinede.net\/wp-content\/uploads\/2023\/06\/reservenaturellemichelbros-2_792x528.jpg\" data-lightbox=\"sevgallery-857555975\" style=\"background-image: url(https:\/\/camping-lapinede.net\/wp-content\/uploads\/2023\/06\/reservenaturellemichelbros-2_792x528.jpg)\">\r\n\t\t\t\t\t\t\t\t\t\t\t<img decoding=\"async\" src=\"https:\/\/camping-lapinede.net\/wp-content\/uploads\/2023\/06\/reservenaturellemichelbros-2_792x528.jpg\" alt=\"\" loading=\"lazy\">\r\n\t\t\t\t\t\t\t\t\t\t<\/a>\r\n\t\t\t\t\t\t\t\t\t<\/div>\r\n\r\n\t\t\t\t\r\n\t\t\t\t\t\t\t\t\t\t\t\r\n\t\t\t\t\r\n\t\t\t\t<div class=\"sev-diaporama-portfolio-item col-12 col-sm  col-shrink\">\r\n\r\n\t\t\t\t\t\t\t\t\t\t<a href=\"https:\/\/camping-lapinede.net\/wp-content\/uploads\/2023\/08\/P1130319.jpg\" data-lightbox=\"sevgallery-857555975\" style=\"background-image: url(https:\/\/camping-lapinede.net\/wp-content\/uploads\/2023\/08\/P1130319.jpg)\">\r\n\t\t\t\t\t\t\t\t\t\t\t<img decoding=\"async\" src=\"https:\/\/camping-lapinede.net\/wp-content\/uploads\/2023\/08\/P1130319.jpg\" alt=\"\" loading=\"lazy\">\r\n\t\t\t\t\t\t\t\t\t\t<\/a>\r\n\t\t\t\t\t\t\t\t\t<\/div>\r\n\r\n\t\t\t\t\r\n\t\t\t\t\t\t\t\t\t\t\t\r\n\t\t\t\t\r\n\t\t\t\t<div class=\"sev-diaporama-portfolio-item col-12 col-sm  col-shrink\">\r\n\r\n\t\t\t\t\t\t\t\t\t\t<a href=\"https:\/\/camping-lapinede.net\/wp-content\/uploads\/2023\/06\/ReservenaturelleMichelBrosse_792x528.jpg\" data-lightbox=\"sevgallery-857555975\" style=\"background-image: url(https:\/\/camping-lapinede.net\/wp-content\/uploads\/2023\/06\/ReservenaturelleMichelBrosse_792x528.jpg)\">\r\n\t\t\t\t\t\t\t\t\t\t\t<img decoding=\"async\" src=\"https:\/\/camping-lapinede.net\/wp-content\/uploads\/2023\/06\/ReservenaturelleMichelBrosse_792x528.jpg\" alt=\"\" loading=\"lazy\">\r\n\t\t\t\t\t\t\t\t\t\t<\/a>\r\n\t\t\t\t\t\t\t\t\t<\/div>\r\n\r\n\t\t\t\t\t\t\t\t\t<div class=\"w-100\"><\/div>\r\n\t\t\t\t\t\t\t\t\t\r\n\t\t\t\t\t\t\t\t\t\t\t\r\n\t\t\t\t\r\n\t\t\t\t<div class=\"sev-diaporama-portfolio-item col-12 col-sm \">\r\n\r\n\t\t\t\t\t\t\t\t\t\t<a href=\"https:\/\/camping-lapinede.net\/wp-content\/uploads\/2023\/08\/IMG_1247.jpg\" data-lightbox=\"sevgallery-857555975\" style=\"background-image: url(https:\/\/camping-lapinede.net\/wp-content\/uploads\/2023\/08\/IMG_1247.jpg)\">\r\n\t\t\t\t\t\t\t\t\t\t\t<img decoding=\"async\" src=\"https:\/\/camping-lapinede.net\/wp-content\/uploads\/2023\/08\/IMG_1247.jpg\" alt=\"\" loading=\"lazy\">\r\n\t\t\t\t\t\t\t\t\t\t<\/a>\r\n\t\t\t\t\t\t\t\t\t<\/div>\r\n\r\n\t\t\t\t\r\n\t\t\t\t\t\t\t\t\t\t\t\r\n\t\t\t\t\r\n\t\t\t\t<div class=\"sev-diaporama-portfolio-item col-12 col-sm  col-grow\">\r\n\r\n\t\t\t\t\t\t\t\t\t\t<a href=\"https:\/\/camping-lapinede.net\/wp-content\/uploads\/2023\/09\/pointe-arcay.jpg\" data-lightbox=\"sevgallery-857555975\" style=\"background-image: url(https:\/\/camping-lapinede.net\/wp-content\/uploads\/2023\/09\/pointe-arcay.jpg)\">\r\n\t\t\t\t\t\t\t\t\t\t\t<img decoding=\"async\" src=\"https:\/\/camping-lapinede.net\/wp-content\/uploads\/2023\/09\/pointe-arcay.jpg\" alt=\"\" loading=\"lazy\">\r\n\t\t\t\t\t\t\t\t\t\t<\/a>\r\n\t\t\t\t\t\t\t\t\t<\/div>\r\n\r\n\t\t\t\t\r\n\t\t\t\t\t\t\t\t\t\t\t\t\t\t<\/div>\r\n\t\t\t<\/div>\r\n\r\n\t\t\t<script>\r\n\t\t\tjQuery(function($) {\r\n\r\n\t\t\t\tvar marginPortfolio = function() {\r\n\r\n\t\t\t\t\tvar $diapo          = $('#sevgallery-857555975');\r\n\t\t\t\t\tvar container_width = $diapo.parent().outerWidth();\r\n\t\t\t\t\tvar side            = ( $(window).innerWidth() - container_width ) \/ 2;\r\n\r\n\t\t\t\t\t$diapo.css( {\r\n\t\t\t\t\t\t'margin-left': '-' + side + 'px',\r\n\t\t\t\t\t\t'margin-right': '-' + side + 'px',\r\n\t\t\t\t\t} );\r\n\t\t\t\t};\r\n\r\n\t\t\t\t$( window ).resize( function() {\r\n\t\t\t\t\tmarginPortfolio();\r\n\t\t\t\t} );\r\n\t\t\t\tmarginPortfolio();\r\n\t\t\t});\r\n\t\t\t<\/script>\r\n\t\t\t<\/div>\n\n\n<div class=\"wp-block-group alignfull is-content-justification-left is-layout-constrained wp-container-core-group-is-layout-12dd3699 wp-block-group-is-layout-constrained\">\n<p class=\"has-petit-font-size\"><em>S.BOURCIER\/Vend\u00e9e Expansion-rights reserved &#8211; www.vendee-tourisme.com \/ any reproduction or publication prohibited<\/em><\/p>\n<\/div>\n","protected":false},"excerpt":{"rendered":"<p>Saint Denis du Payr\u00e9 Nature Reserve La Pin\u00e8de, the ideal starting point for a trip to the Parc Naturel de St Denis du Payr\u00e9. Just a few minutes from Camping La Pin\u00e8de***, discover the bird observatory at the Saint-Denis-du-Payr\u00e9 nature reserve.It is home to over 140 species of birds in different seasons. It&#8217;s an ideal [&hellip;]<\/p>\n","protected":false},"author":1,"featured_media":0,"parent":1991,"menu_order":0,"comment_status":"closed","ping_status":"closed","template":"","meta":{"_seopress_robots_primary_cat":"","_seopress_titles_title":"Saint Denis du Payr\u00e9 Nature Reserve - Tourism Vend\u00e9e","_seopress_titles_desc":"Your La Pin\u00e8de campsite in southern Vend\u00e9e is the ideal starting point for a trip to the St Denis du Payr\u00e9 Nature Park.","_seopress_robots_index":"","footnotes":""},"class_list":["post-1981","page","type-page","status-publish","hentry"],"_links":{"self":[{"href":"https:\/\/camping-lapinede.net\/en\/wp-json\/wp\/v2\/pages\/1981","targetHints":{"allow":["GET"]}}],"collection":[{"href":"https:\/\/camping-lapinede.net\/en\/wp-json\/wp\/v2\/pages"}],"about":[{"href":"https:\/\/camping-lapinede.net\/en\/wp-json\/wp\/v2\/types\/page"}],"author":[{"embeddable":true,"href":"https:\/\/camping-lapinede.net\/en\/wp-json\/wp\/v2\/users\/1"}],"replies":[{"embeddable":true,"href":"https:\/\/camping-lapinede.net\/en\/wp-json\/wp\/v2\/comments?post=1981"}],"version-history":[{"count":0,"href":"https:\/\/camping-lapinede.net\/en\/wp-json\/wp\/v2\/pages\/1981\/revisions"}],"up":[{"embeddable":true,"href":"https:\/\/camping-lapinede.net\/en\/wp-json\/wp\/v2\/pages\/1991"}],"wp:attachment":[{"href":"https:\/\/camping-lapinede.net\/en\/wp-json\/wp\/v2\/media?parent=1981"}],"curies":[{"name":"wp","href":"https:\/\/api.w.org\/{rel}","templated":true}]}}

Saint Denis du Payré Nature Reserve

<h1 class="wp-block-heading">Saint Denis du Payré Nature Reserve</h1>



<h2 class="wp-block-heading">La Pinède, the ideal starting point for a trip to the Parc Naturel de St Denis du Payré.</h2>



<div class="wp-block-columns is-layout-flex wp-container-core-columns-is-layout-28f84493 wp-block-columns-is-layout-flex">
<div class="wp-block-column is-layout-flow wp-block-column-is-layout-flow">
<p>Just a few minutes from Camping La Pinède***, discover the bird observatory at the <strong>Saint-Denis-du-Payré nature reserve</strong>.<br>It is home to over 140 species of birds in different seasons.  </p>



<p>It&#8217;s an ideal location for observing the region&#8217;s nature and wildlife.</p>



<p>The Réserve Naturelle Nationale du Marais Communal de Saint-Denis-du-Payré or Réserve Naturelle Michel Brosselin is a national nature reserve classified in 1976.  </p>



<p>It covers an area of 206 hectares and protects a communal marsh typical of the Marais Poitevin.</p>
</div>



<div class="wp-block-column is-layout-flow wp-block-column-is-layout-flow">
<p>Take advantage of the migration periods from late February to May or from July to October, when migratory birds make a stopover in Vendée. It&#8217;s a protected area where they can enjoy a peaceful stay.</p>



<p><em>Here you can discover :</em></p>



<ul class="wp-block-list">
<li>In summer, Eurasian Spoonbill, Black-tailed Godwit, White-winged Stilt&#8230;</li>



<li>In winter, populations of migratory birds from Northern Europe and Scandinavia: Greylag Geese, Whistling Ducks, Green-winged Teals&#8230;</li>
</ul>



<p>There are so <strong>many living species </strong>in the nature reserve that are not listed because they are so numerous, and they can be observed in all seasons.</p>
</div>
</div>


<div class="wp-block-sev-diaporama alignfull">			<div id="sevgallery-857555975" class="sev-diaporama sev-diaporama-portfolio">
			<div class="row">

			
				
				<div class="sev-diaporama-portfolio-item col-12 col-sm  col-grow">

										<a href="https://camping-lapinede.net/wp-content/uploads/2023/08/P1130312.jpg" data-lightbox="sevgallery-857555975" style="background-image: url(https://camping-lapinede.net/wp-content/uploads/2023/08/P1130312.jpg)">
											<img decoding="async" src="https://camping-lapinede.net/wp-content/uploads/2023/08/P1130312.jpg" alt="" loading="lazy">
										</a>
									</div>

				
											
				
				<div class="sev-diaporama-portfolio-item col-12 col-sm ">

										<a href="https://camping-lapinede.net/wp-content/uploads/2023/08/IMG_3391.jpg" data-lightbox="sevgallery-857555975" style="background-image: url(https://camping-lapinede.net/wp-content/uploads/2023/08/IMG_3391.jpg)">
											<img decoding="async" src="https://camping-lapinede.net/wp-content/uploads/2023/08/IMG_3391.jpg" alt="" loading="lazy">
										</a>
									</div>

				
											
				
				<div class="sev-diaporama-portfolio-item col-12 col-sm  col-grow">

										<a href="https://camping-lapinede.net/wp-content/uploads/2023/08/P1130314.jpg" data-lightbox="sevgallery-857555975" style="background-image: url(https://camping-lapinede.net/wp-content/uploads/2023/08/P1130314.jpg)">
											<img decoding="async" src="https://camping-lapinede.net/wp-content/uploads/2023/08/P1130314.jpg" alt="" loading="lazy">
										</a>
									</div>

				
											
				
				<div class="sev-diaporama-portfolio-item col-12 col-sm ">

										<a href="https://camping-lapinede.net/wp-content/uploads/2023/08/IMG_2983.jpg" data-lightbox="sevgallery-857555975" style="background-image: url(https://camping-lapinede.net/wp-content/uploads/2023/08/IMG_2983.jpg)">
											<img decoding="async" src="https://camping-lapinede.net/wp-content/uploads/2023/08/IMG_2983.jpg" alt="" loading="lazy">
										</a>
									</div>

									<div class="w-100"></div>
									
											
				
				<div class="sev-diaporama-portfolio-item col-12 col-sm ">

										<a href="https://camping-lapinede.net/wp-content/uploads/2023/09/reseverbellehenriette.jpg" data-lightbox="sevgallery-857555975" style="background-image: url(https://camping-lapinede.net/wp-content/uploads/2023/09/reseverbellehenriette.jpg)">
											<img decoding="async" src="https://camping-lapinede.net/wp-content/uploads/2023/09/reseverbellehenriette.jpg" alt="" loading="lazy">
										</a>
									</div>

				
											
				
				<div class="sev-diaporama-portfolio-item col-12 col-sm  col-shrink">

										<a href="https://camping-lapinede.net/wp-content/uploads/2023/06/reservenaturellemichelbros-2_792x528.jpg" data-lightbox="sevgallery-857555975" style="background-image: url(https://camping-lapinede.net/wp-content/uploads/2023/06/reservenaturellemichelbros-2_792x528.jpg)">
											<img decoding="async" src="https://camping-lapinede.net/wp-content/uploads/2023/06/reservenaturellemichelbros-2_792x528.jpg" alt="" loading="lazy">
										</a>
									</div>

				
											
				
				<div class="sev-diaporama-portfolio-item col-12 col-sm  col-shrink">

										<a href="https://camping-lapinede.net/wp-content/uploads/2023/08/P1130319.jpg" data-lightbox="sevgallery-857555975" style="background-image: url(https://camping-lapinede.net/wp-content/uploads/2023/08/P1130319.jpg)">
											<img decoding="async" src="https://camping-lapinede.net/wp-content/uploads/2023/08/P1130319.jpg" alt="" loading="lazy">
										</a>
									</div>

				
											
				
				<div class="sev-diaporama-portfolio-item col-12 col-sm  col-shrink">

										<a href="https://camping-lapinede.net/wp-content/uploads/2023/06/ReservenaturelleMichelBrosse_792x528.jpg" data-lightbox="sevgallery-857555975" style="background-image: url(https://camping-lapinede.net/wp-content/uploads/2023/06/ReservenaturelleMichelBrosse_792x528.jpg)">
											<img decoding="async" src="https://camping-lapinede.net/wp-content/uploads/2023/06/ReservenaturelleMichelBrosse_792x528.jpg" alt="" loading="lazy">
										</a>
									</div>

									<div class="w-100"></div>
									
											
				
				<div class="sev-diaporama-portfolio-item col-12 col-sm ">

										<a href="https://camping-lapinede.net/wp-content/uploads/2023/08/IMG_1247.jpg" data-lightbox="sevgallery-857555975" style="background-image: url(https://camping-lapinede.net/wp-content/uploads/2023/08/IMG_1247.jpg)">
											<img decoding="async" src="https://camping-lapinede.net/wp-content/uploads/2023/08/IMG_1247.jpg" alt="" loading="lazy">
										</a>
									</div>

				
											
				
				<div class="sev-diaporama-portfolio-item col-12 col-sm  col-grow">

										<a href="https://camping-lapinede.net/wp-content/uploads/2023/09/pointe-arcay.jpg" data-lightbox="sevgallery-857555975" style="background-image: url(https://camping-lapinede.net/wp-content/uploads/2023/09/pointe-arcay.jpg)">
											<img decoding="async" src="https://camping-lapinede.net/wp-content/uploads/2023/09/pointe-arcay.jpg" alt="" loading="lazy">
										</a>
									</div>

				
														</div>
			</div>

			<script>
			jQuery(function($) {

				var marginPortfolio = function() {

					var $diapo          = $('#sevgallery-857555975');
					var container_width = $diapo.parent().outerWidth();
					var side            = ( $(window).innerWidth() - container_width ) / 2;

					$diapo.css( {
						'margin-left': '-' + side + 'px',
						'margin-right': '-' + side + 'px',
					} );
				};

				$( window ).resize( function() {
					marginPortfolio();
				} );
				marginPortfolio();
			});
			</script>
			</div>


<div class="wp-block-group alignfull is-content-justification-left is-layout-constrained wp-container-core-group-is-layout-12dd3699 wp-block-group-is-layout-constrained">
<p class="has-petit-font-size"><em>S.BOURCIER/Vendée Expansion-rights reserved &#8211; www.vendee-tourisme.com / any reproduction or publication prohibited</em></p>
</div>

<p>Saint Denis du Payré Nature Reserve La Pinède, the ideal starting point for a trip to the Parc Naturel de St Denis du Payré. Just a few minutes from Camping La Pinède***, discover the bird observatory at the Saint-Denis-du-Payré nature reserve.It is home to over 140 species of birds in different seasons. It&#8217;s an ideal [&hellip;]</p>

Saint Denis du Payré Nature Reserve - Tourism Vendée

Your La Pinède campsite in southern Vendée is the ideal starting point for a trip to the St Denis du Payré Nature Park.
